 = l - 4*l, 0 = 2*l - 3*q + 2. Suppose l = g + i. What is the units digit of g?
3
Let m(z) = -z**3 - 2*z**2 + 3*z - 2. Let g be m(-3). What is the tens digit of (-147)/g - (-36)/(-24)?
7
Let n = 1110 + -1125. Suppose 0*g = -2*o + 5*g - 26, -4*g = 5*o + 98. What is the units digit of (o/n)/(2/5)?
3
Let z(j) = -j**3 - 9*j**2 + 4*j - 7. Let u be z(-10). Let f = 84 + u. Suppose 3*l = -5*g + f, -2*g = -5*l + 95 + 154. What is the units digit of l?
9
Let l be (-2)/((-8)/2100*-5). Suppose -3*s - 25 = g, -3*s - 45 = -3*g - 0. What is the units digit of l/s + (-3)/2?
9
Suppose 3*y + 2*z - 3050 = 0, -98*y - 3*z + 4067 = -94*y. What is the units digit of y?
6
Let u(n) = n**2 + 2*n + 979. What is the tens digit of u(0)?
7
Let m be ((-4)/(-3))/(2/3). Suppose m*i = -p - 2, -p + 2 = -3*i + 4. Suppose 5*c - 297 + 7 = i. What is the tens digit of c?
5
Let i(s) be the second derivative of -21*s**5/20 - s**4/12 - s**3/6 - s**2/2 + 3*s + 3. Let f(c) = -2*c**2 + 1. Let y be f(-1). What is the units digit of i(y)?
0
Let d(g) = g - 3. Let t be 4/10 - 92/(-20). Let r be d(t). What is the tens digit of (-2)/4*r*-25?
2
Let x = -4 - -5. Suppose x = y - 6. Suppose -5*v + y = -28. What is the units digit of v?
7
Suppose 1 = -2*i + 3, -3*i + 118 = 5*c. Suppose 28*s = c*s + 210. What is the tens digit of s?
4
Suppose 153 = 3*k - 171. Suppose -f - 2*f = -k. Suppose 5*p - 9*p + f = 0. What is the units digit of p?
9
Let n = -35 - -80. What is the tens digit of -2*(-2)/(-6) - (-3675)/n?
8
Let w(b) = 38*b - 1 + 5 + 0 - 2. Let g be w(6). Suppose 4*k + k - g = 0. What is the tens digit of k?
4
Let c = -1474 - -2815. What is the units digit of c?
1
Let w = 35 + -27. Let l(k) = k**3 - 9*k**2 + 9*k - 5. Let j be l(w). Suppose -5*m + j*y = 2*y - 53, 3*y - 39 = -3*m. What is the tens digit of m?
1
What is the hundreds digit of (144/(-30))/6 - (-3524)/5?
7
Suppose 43*p + 11592 = 57*p. What is the tens digit of p?
2
Let k(t) = -2*t**2 + 8*t - 6. Let c be k(6). Let z = c - -89. What is the tens digit of z?
5
Suppose -5*l + 13414 = 3*r, 10*l = 13*l - 4*r - 8060. What is the tens digit of l?
8
Suppose 0*j = 5*i - 4*j + 1081, -4*i - 5*j - 832 = 0. Let u = i - -304. What is the tens digit of u?
9
Let x(a) = -112*a + 59. What is the hundreds digit of x(-35)?
9
Let n = 3 - -16. Let l = n - 13. Suppose -3*w + 204 = l. What is the tens digit of w?
6
Suppose -752 - 778 = -3*o. What is the hundreds digit of o?
5
Let p be (-4)/((-16)/(-22))*2. Suppose 3*l = t + 42, 3*l - 37 = -3*t + 5. Let i = l + p. What is the units digit of i?
3
Let o(x) = 8*x**3 - 11*x**2 + 24*x - 28. What is the units digit of o(6)?
8
Suppose -4*g + 4*m = -0*g, -24 = 5*g + 3*m. Suppose 11*o = 828 - 69. Let u = g + o. What is the tens digit of u?
6
Let x = 20 - -15. Let f be 1*(-4 + 4 + 1 + -18). Let q = f + x. What is the units digit of q?
8
Suppose 142 + 78 = 5*z. Suppose z = 3*t + 2*j, -65 = -2*t - 5*j - 21. What is the units digit of t?
2
Suppose 4*q + 355 = 375. Let l(t) = 72*t - 28. Let n(m) = -13*m + 5. Let p(w) = -5*l(w) - 28*n(w). What is the tens digit of p(q)?
2
Let t = -187 - -417. Suppose y - p = 3*p + 205, -y - p + t = 0. What is the units digit of y?
5
Suppose 4*n = 5*k + 45, -4*n - 4*k - 2 + 38 = 0. Suppose -n = -3*x - 4. What is the tens digit of 1*(x - 3)*-14?
1
Suppose -5*l = 5*p - 550, 6*l - 5*p - 404 = 2*l. Suppose 0*r = 2*r - n - 59, 2*n = -3*r + l. What is the tens digit of r?
3
Let z = 5 + -3. Suppose -4*t + 92 = z*b, -2*t + 63 = 3*b + 13. What is the tens digit of t?
2
Suppose -8 = -2*b + k, -3*k = -3*b + k + 22. What is the units digit of (1 - -9)/b - (-4 + 7)?
2
Let v(x) = -68*x**3 - 3*x**2 + x + 1. Let g be v(1). Let s = g - -120. What is the tens digit of s?
5
Let i be -4 + (-3)/((-9)/24). Suppose -224 = -q - 2*q - i*c, -136 = -2*q + 4*c. What is the units digit of q?
2
Suppose 2*d = d + 568. What is the units digit of d?
8
Suppose 0 = -5*j + 7*j - 224. Let b = j + -11. What is the hundreds digit of b?
1
Let u be (-3 - 9)*(-2)/4. Let y be ((-12)/9)/(u/(-9)). Suppose -8 = -2*c - q, y*c + 3*q - 20 = -4. What is the units digit of c?
2
Suppose 4*w - 20 = -32. Let u(t) = -t**3 - t**2 - t + 4. What is the tens digit of u(w)?
2
Let a = 50 + 26. Let q be (-4 + 2)/((-4)/6). Suppose q*t - 7*t = -a. What is the units digit of t?
9
Let i(u) be the third derivative of u**6/120 + u**5/6 - u**4/8 - u**3/6 + u**2. Suppose 0 = 3*c + 6 + 24. What is the units digit of i(c)?
9
What is the thousands digit of -456*3/((-63)/49)?
1
Suppose 11*s - 7*s - 20 = 0. Suppose -2*d + 287 = s*z, 5*d - 157 = -3*z - 0*d. What is the units digit of z?
9
Suppose -9947 - 2081 = -31*l. What is the hundreds digit of l?
3
Let g(m) = 3*m + 2. Suppose -4*q + 28 = -0*y + 4*y, 5*y - 5*q = 85. Suppose l - 3*l - 2*n + y = 0, -4*n + 12 = 2*l. What is the tens digit of g(l)?
2
Suppose -29*b + 17427 = -29234. What is the thousands digit of b?
1
Suppose -1904 = 2*w - 5842. What is the units digit of w?
9
Suppose 2454 = v - 5*r - 2257, 2*v - 3*r = 9408. What is the tens digit of v?
0
Let g be 33/22*(-16)/3. Let l = 13 + g. Let c = l + 24. What is the tens digit of c?
2
Let x(n) = n - 10. Let u be x(12). Suppose -3*o = -u*a + a + 100, 5*o = -4*a - 178. Let t = 49 + o. What is the tens digit of t?
1
Suppose 4*f + 370 = -4*g + 1662, 3*f = -5*g + 1611. What is the units digit of g?
1
Suppose 41*a = 4*f + 46*a - 8117, -2*f + 4051 = a. What is the tens digit of f?
2
Let h(j) = -j**3 + 10*j**2 + 6*j - 11. Let y(c) = -c**2 - 2*c + 9. Let u be y(0). What is the hundreds digit of h(u)?
1
Let m be 11/5 + ((-9)/(-5) - 2). Suppose -3*y + 535 = m*t - 0*y, -t + 2*y + 285 = 0. What is the hundreds digit of t?
2
Suppose -116287 = -40*n + 24833. What is the hundreds digit of n?
5
Suppose -24*g - 82404 = -45*g. What is the thousands digit of g?
3
Let l(v) = -8*v**2 + v - 17. Let u(d) = 17*d**2 - 2*d + 35. Let z(b) = -13*l(b) - 6*u(b). What is the tens digit of z(-5)?
6
Let i = -2 + 75. Let q = i - 48. What is the units digit of q?
5
Let z be (-2)/7 + (-5489)/(-77). Suppose -r - 2*k + z + 170 = 0, -5*k = -4*r + 1029. What is the tens digit of r?
5
Let r(h) = -5*h**2 + 3*h + 831. What is the hundreds digit of r(0)?
8
Suppose -b = -k + 89, 10*k - 7*k = 2*b + 263. What is the tens digit of k?
8
Suppose 2390 = -5*f - 3*g - 625, -3*f = -5*g + 1775. Let l = -282 - f. What is the hundreds digit of l?
3
Let p = -17 - -3. Let d = p + 17. Suppose i = d*i - 10. What is the units digit of i?
5
Suppose 5*o - 5*p - 2223 = -58, -5*p + 838 = 2*o. What is the units digit of o?
9
Let f(t) = 3*t**3 + 61*t**2 - 35*t + 3. What is the tens digit of f(-20)?
0
Let z(d) = 4*d**3 - 8*d**2 - 19*d - 21. What is the thousands digit of z(9)?
2
Let a(u) = -149*u**3 + 5*u**2 + 14*u - 9. What is the hundreds digit of a(-3)?
0
Suppose d + 14 = -5*j, 3*j - 12 = 7*j. What is the tens digit of d*(0 + -2) + (37 - -2)?
3
Suppose z - 1279 = 916. What is the units digit of z?
5
Let u = 82 - 38. What is the units digit of (4378/u)/((-2)/(-4)*1)?
9
Suppose q - 2*q = 9. Let w = 369 + -353. Let a = w + q. What is the units digit of a?
7
What is the tens digit of 74/4*(8 + -2)?
1
Suppose -8*p = -7*p + 4. Let y be p + -3 + 139/1. Let b = y - 66. What is the units digit of b?
6
Suppose 0 = 28*z - 42*z + 18032. What is the thousands digit of z?
1
Let z = 3587 - 126. What is the tens digit of z?
6
Suppose -4*v + 20 = -t, 4*v - t = 9*v - 25. Suppose v*y = q + 884, -4*y = 2*q + q - 692. What is the units digit of y?
6
Let u = 25 - 16. Let y = -4 + u. Let k(m) = m**3 - 5*m**2 + 2*m - 2. What is the units digit of k(y)?
8
Let b = 163 - 231. Suppose -4*c = 117 + 71. Let d = c - b. What is the tens digit of d?
2
Let z = -4 + 7. Suppose -v + z*v = 46. What is the tens digit of v?
2
Let g be -30*(30/(-36))/((-1)/(-4)). Let x = g + 2. What is the tens digit of x?
0
Let n be (-1)/2 + 7/(-2). Let s be n/6 - (-511)/(-21). Let w = -5 - s. What is the units digit of w?
0
Let l be ((-8)/(-10))/(16/40). Suppose 3*y - s = 4*y + 7, l*s + 20 = -5*y. Let w(h) = h**2 - h - 1. What is the units digit of w(y)?
5
Suppose -4*d + 6440 = -2*x, -x = -d - 2*d + 4830. What is the hundreds digit of d?
6
Suppose 19*m - 51008 = -13*m. What is the tens digit of m?
9
Let j(o) = 4*o**2 - 22*o + 2. Let l be j(9). Let g = -58 + l. What is the units d